-72) + (-4)/(-18). What are the prime factors of ((-9850)/f)/(2/9)?
3, 197
Let k = -11747 + 21669. What are the prime factors of k?
2, 11, 41
Let f(g) = 10*g**2 - 5*g + 3. Let h be f(1). Suppose -16 = -h*i + 4*i. Suppose -x = -5, -i*l + l - 5*x = -109. What are the prime factors of l?
2, 7
Suppose -4*b - 4*j + 233086 = 41462, -b + 5*j + 47894 = 0. List the prime factors of b.
2, 3, 499
Let w(q) = -8 - 3*q + 45*q**3 + 12*q - 46*q**3 + 11*q**2. What are the prime factors of w(5)?
11, 17
Let j be 2 - 7 - (-4)/(20/15). List the prime factors of j/(-4)*(-5 + 5) + 40.
2, 5
Suppose -x - 1365 + 207 = 0. Let n = -352 - x. Suppose n = 7*d + 246. What are the prime factors of d?
2, 5
Let m(t) = t**3 + 6*t**2 - 36*t - 9. Let l be m(-11). Let x = -93 - l. What are the prime factors of x?
5
Let r be 3/(-1*3/(-4)). Let g(c) = 14*c - 770. Let i be g(55). Suppose -652 = -r*a - i*a. What are the prime factors of a?
163
Let w = 5129 - 449. What are the prime factors of w?
2, 3, 5, 13
Let w(q) be the third derivative of -1/120*q**6 + 0*q + 0 - 2/15*q**5 - 4/3*q**3 - 1/3*q**4 + 5*q**2. List the prime factors of w(-8).
2, 7
Suppose 2*n = 3*o - 11724, 2*o + 5*n - 6233 = 1583. Suppose -1004 = 8*j - o. List the prime factors of j.
3, 11
Suppose 5*s - 6*s = -4*u + 33322, 0 = -2*s + 12. What are the prime factors of u?
2, 2083
Suppose -4*y - 34 = -21*y. Suppose 4*d + 12 = 0, -4*u + 31 + 19 = y*d. List the prime factors of (u/(-35))/((-2)/730).
2, 73
Suppose -13 = 5*l - 8. List the prime factors of (l - 9)*2448/(-90).
2, 17
Let z(y) = -3*y**2 - 45*y - 109. Let o be z(-12). Let w = -19 - -27. What are the prime factors of (w/6)/(o/(195/(-10)))?
2, 13
Let s = 89 - 86. Let f be (28/7)/(s/6). Let d = f + 98. List the prime factors of d.
2, 53
Let q(i) = i**3 - 3*i**2 - 29*i - 46. What are the prime factors of q(19)?
5179
Suppose -t + 462 = t. Suppose 0 = -3*l - 0*l + t. Let r = l - 49. What are the prime factors of r?
2, 7
Let q be ((-766)/8)/(0 - (-5)/40). Let c = 1514 + q. What are the prime factors of c?
2, 11, 17
What are the prime factors of (78/507)/((-1)/(-13))*29034?
2, 3, 1613
Let g = 41 + -42. Let x = 4 - g. Suppose 0*m + 5*m - 220 = -k, -44 = -m - x*k. List the prime factors of m.
2, 11
Suppose 85*x - 2*i = 87*x - 46878, 70302 = 3*x - 2*i. List the prime factors of x.
2, 3, 7, 31
Let a(f) be the third derivative of 0 + 1/30*f**5 - 2*f**2 - 1/4*f**4 + 0*f - 3/2*f**3. List the prime factors of a(7).
47
Let z(f) = -2*f**2 + 22*f + 4. Let s be z(10). Suppose -5*y - s = u, -2*y = -3*u + 16 - 3. List the prime factors of (5 + y - -48) + 1 + 1.
2, 5
Suppose 5*x = 9 + 16. Suppose -2*c - m + 346 = -x, -2*c = 2*m - 346. Suppose 3*s - 95 - c = 0. What are the prime factors of s?
7, 13
Suppose 35 = -5*j - 0*j, 0 = -3*w + j + 133261. What are the prime factors of w?
2, 3, 11, 673
Let r = -69 + 68. Let z be (-3185)/(-20) + r/4. Suppose 3*f = -3*s + 2*s + 452, 2*s - z = -f. What are the prime factors of f?
149
Suppose 5*z + 3*p + 6 = -p, -5 = z - 3*p. Let w = 343 + z. What are the prime factors of w?
11, 31
Let q(g) = -g**2 + 11*g - 8. Let d be q(10). Suppose d*t - 566 = 136. Suppose 3*r = -5*y + 270 + 305, 0 = -3*y - 3*r + t. What are the prime factors of y?
2, 7
What are the prime factors of ((12/(-8))/(-1) - 648850/20)*-1?
32441
Suppose 9 + 6 = 3*g. Suppose 2*q = 5*u + 1194, -g*q + 586 = -4*q + 3*u. List the prime factors of q.
2, 37
Suppose -3*y - 5*o = -45224, -3*y + 2*o + 15281 + 29936 = 0. What are the prime factors of y?
15073
Suppose 0 = f + 3*w - 428, 3*f - 7*w = -4*w + 1320. Suppose -5*j + 320 = 4*p, -5*p - f = -5*j - 117. What are the prime factors of j?
2
Let d(g) = -2*g - 7. Let j = 12 + -10. Let o be d(j). Let l(i) = -10*i - 11. What are the prime factors of l(o)?
3, 11
Let k = 47 - 44. Suppose 2*g - k + 15 = 0. List the prime factors of (-7)/(364/(-1188)) + g/(-39).
23
Let p(x) = 4*x**2 - 2*x - 3. Suppose 1 = -16*c + 15*c. Let y be p(c). Suppose -y*u = -614 + 44. What are the prime factors of u?
2, 5, 19
Suppose 2*b = 3*g - 395, -2*b + 6 = -4. Suppose -f - 4*o + 446 = 0, 0 = 2*f + 3*o + g - 1042. What are the prime factors of f?
2, 229
Suppose -802*f + 89*f = -58760373 + 2628735. List the prime factors of f.
2, 3, 13121
Let d(m) = -87*m - 10. Let v be d(-10). Suppose -v - 188 = -4*u. List the prime factors of u.
2, 131
Let l(b) = 13*b**3 + 14*b**2 - 30*b + 81. What are the prime factors of l(12)?
3, 2689
Suppose 4*n - 16*n - 15*n = -469584. List the prime factors of n.
2, 1087
Suppose 6 = -3*z, u - 56 - 2 = -z. Suppose -u = 6*h - 7*h. Suppose 4*i + 5*w - 10*w - h = 0, 0 = -2*w + 8. List the prime factors of i.
2, 5
Suppose 0 = -86*v + 90*v - 7236. Let t = v + -956. Suppose -3*c + 2*n + 0*n = -509, 5*c - n - t = 0. What are the prime factors of c?
3, 19
Suppose 3623 = -22*h + 26*h - 5*x, -2*h = 3*x - 1795. List the prime factors of h.
2, 11, 41
Let v = 406 + 1585. What are the prime factors of v?
11, 181
Suppose 0 = -n + 24*y - 26*y + 15938, n - 15958 = 2*y. What are the prime factors of n?
2, 3, 443
Suppose -21*s + 176401 + 74549 = 0. What are the prime factors of s?
2, 5, 239
Suppose 370*d = 369*d + 3*x + 51960, 4*d - 3*x = 207885. List the prime factors of d.
3, 5, 7, 11
Let w = -40 + 43. Suppose -5*y - 4*z = -1646, 2*z = -w*y - 0*z + 988. Suppose 0*m = -5*m + y. What are the prime factors of m?
2, 3, 11
Let u be (-20)/7*364/(-104). What are the prime factors of (-40)/(-100) + 6126/u?
613
List the prime factors of ((4682034/49)/6 - 4/14) + -3.
2, 19, 419
Let o(x) = x**3 + 2*x**2 - 6*x. Let c be o(-3). Suppose 6 = 2*f, 4*d - 3 = -2*f - c. Let p(a) = -5*a**3 + 3*a**2 - 2*a + 5. List the prime factors of p(d).
173
Suppose n = -3*t + 41473, -3*n - 4*t + 3*t + 124403 = 0. What are the prime factors of n?
41467
Suppose 0 = 4*v + 4*b - 8, 4*b = v + 2 - 4. Suppose 3*a - 7*a = 4*g - 3720, -5*a + 1872 = v*g. List the prime factors of g.
2, 463
Let p = 48 - 44. Let a(c) = 91 + 2*c + c - p*c. What are the prime factors of a(0)?
7, 13
What are the prime factors of 212/(-1)*2/(24/(-165))?
5, 11, 53
Suppose -70 = -0*y - 7*y. Suppose -y*v - 18668 = -23*v. What are the prime factors of v?
2, 359
Let m = -242 + 251. List the prime factors of m/(-15) - (-20148)/30.
11, 61
Let x = 1801 + 7460. What are the prime factors of x?
3, 7
Let h(o) = 788*o - 4442. What are the prime factors of h(17)?
2, 11, 37
Let n(j) = j**3 - 11*j**2 - 12*j + 5. Let q be n(12). Suppose 4*t + 7*p = 9*p - 1678, q*t - 3*p = -2099. Let l = t - -669. List the prime factors of l.
251
Let z = -274 - -619. Suppose -3*h + 342 = -z. List the prime factors of h.
229
What are the prime factors of ((-51)/306 - 1/(-2)) + 427368/18?
23743
Let c = 23 + 32. Suppose 59*y = c*y + 1188. List the prime factors of y.
3, 11
Let i = -12 + 20. Suppose -c - p + 5 = -2*p, -2*c - 4*p = i. Suppose 0 = 4*r - j - 104, 0 = c*r + j + 6 - 64. List the prime factors of r.
3
Let b(o) be the first derivative of 61*o**3/3 - 34*o**2 + 2*o + 77. List the prime factors of b(6).
2, 5, 179
Let b(x) = -32*x**2 + 9*x - 32. Let p(m) = 27*m**2 - 10*m + 32. Let f(r) = 5*b(r) + 6*p(r). What are the prime factors of f(9)?
59
What are the prime factors of (-180)/(-135)*1/(8/28722)?
4787
Suppose 3*v = 2*m - 1209, -2*m - 2*v - v = -1191. Suppose j + 4*h = m, 3*j + h + h = 1800. List the prime factors of j.
2, 3, 5
Suppose 30567 = 2*j + o - 15229, -45786 = -2*j + 4*o. List the prime factors of j.
7, 3271
Suppose -83*r + 2333429 + 797165 = 0. List the prime factors of r.
2, 18859
Let x(c) = 160*c**2 + 84*c + 649. What are the prime factors of x(-11)?
5, 11, 347
Let r = -42 + 45. Let p(n) = -23*n**2 - 22 + 87 - n**r + 2*n**3 + 30*n. What are the prime factors of p(22)?
241
Let f be (-2)/(-3) + 7112/(-3). Let t = -52 + 55. List the prime factors of ((-1)/t)/(10/f).
79
Suppose 6*u - 3*u + 2*k - 8 = 0, 5*k + 22 = 3*u. Suppose -u*c = -6*c - m + 1648, 3*c = 3*m + 2472. List the prime factors of c/12*3*1.
2, 103
Let g = -379 - -384. Suppose -3*c - 2*o = -g*c + 760, -4*o = -c + 374. List the prime factors of c.
2, 191
What are the prime factors of ((-16)/(-12) + 1778/30)/(4/20)?
3, 101
Let i(k) = -k**3 + k**2 + 210. Let f be i(0). Suppose 5*x - f = -0*x. Suppose 43*v = x*v + 153. What are the prime factors of v?
3, 17
Suppose 0 = -s + 2 + 2. Let v(o) = -o + 70.